*3. Determine x(4).
7
Suppose -4 = -7*m + 3*m. Let j(g) be the second derivative of 2*g - 5/6*g**3 - 1/2*g**2 + 0. Determine j(m).
-6
Let g be (1/(-3))/(2/(-12)). Let x(o) = -10*o + 0*o + o - g*o. Calculate x(1).
-11
Let m(a) = -a**3 + 5*a**2 + 3*a + 1. Let s(c) = -c**3 - c**2 - 2*c + 6. Let v be s(0). Calculate m(v).
-17
Let s(v) = v**3 - 2*v**2 - 1. Let i be s(2). Let h(a) = 5*a**2 - a - 3. Let w(q) = q**2. Let z(o) = i*h(o) + 4*w(o). Suppose 0 = -2*x + 3*x + 3. What is z(x)?
-9
Let k(g) = -g + 6. Let f(b) = -b**2 - 3*b - 1. Let c be f(-3). Let r be (-5 - c)/(3 + -4). Give k(r).
2
Suppose 5*f - 3 = 7. Let t be ((-2)/3)/(2/(-6)). Let s(m) = -3 + 6*m + m**2 - m**f + 0 + m**t. Give s(-6).
-3
Let d(h) = -h - 2. Let o = -44 + 41. Determine d(o).
1
Let o(j) = 4*j + 4. Let s(h) = 9*h + 4. Let l(g) = -3*g - 1. Let a(r) = -11*l(r) - 4*s(r). Let t(y) = -5*a(y) - 4*o(y). Determine t(5).
4
Let w(u) be the third derivative of 5*u**4/12 + 16*u**2. Give w(-1).
-10
Let g(p) = p - 3. Suppose -3*h + 2*h = -1. Let z(q) = 4*q + h - 4 - q. Let x be z(2). Determine g(x).
0
Let t(w) = -w - 1. Let k(b) = b**2 + 10*b - 17. Let l be k(-12). Suppose -4*f + 8 = -3*m, -3*f - 8 = 2*m - l*f. Determine t(m).
-1
Let p(t) be the first derivative of -t**2 + 2. Let k(v) = 3*v + 1. Let j be k(-1). Determine p(j).
4
Suppose -2*z - 2*j + 33 = 777, 2*j - 369 = z. Let v be (-2)/11 - z/(-77). Let q(u) = -u**3 - 6*u**2 - 4*u + 5. What is q(v)?
0
Let g(r) = -r**3 + 3*r + 2. Let v be (-2)/(-5) + (-24)/10. Calculate g(v).
4
Let k(v) be the second derivative of -v**4/12 - 5*v**3/6 + 2*v**2 + v. Let z(r) = r**2 - 3*r + 1. Let w be z(4). Suppose 0*o - w = o. Determine k(o).
4
Let x(l) = 2*l**2 + 10*l + 6. Let y be x(-5). Let s(w) be the third derivative of w**4/24 - 7*w**3/6 - 2*w**2. What is s(y)?
-1
Let c(w) = -6*w**3. Let n = -3 + 2. Let b be c(n). Let i be ((-1)/(-2))/((-3)/b). Let v(m) = 2*m**2 + m. Determine v(i).
1
Let g be (-2)/6 + 2/(-3). Let o = -5 - -5. Let h(z) = 0*z**2 - 2 + 1 - z**3 - z + o*z + z**2. What is h(g)?
2
Let p be -2*(3 - (-2 - -7)). Let k(i) be the second derivative of -i**3/6 - 2*i**2 + 3*i. Determine k(p).
-8
Let u(p) = 4*p + 12. Let z(j) = -2*j - 7. Let i(g) = 3*u(g) + 5*z(g). Suppose -2*t + 5*s = -5*t - 28, -s = -5*t. What is i(t)?
-1
Let v(t) be the first derivative of -t**4/6 - t**3/6 + t**2 + 6*t + 6. Let a(h) be the first derivative of v(h). Calculate a(-2).
-4
Let q(g) = 0*g**2 - 3*g**2 - 3*g**2. Suppose y = -5 + 6. Let f be q(y). Let k(i) = -i**3 - 7*i**2 - 5*i + 5. Give k(f).
-1
Let l(m) = -3 - 5*m - 2 + m. Let h be (-2)/(-6) + (-16)/(-6). Suppose -h*j - j = 16. Calculate l(j).
11
Let y(b) = 9*b + 7. Let g(z) = -z - 1. Let n(p) = 6*g(p) + y(p). Suppose 7 = -4*c - 9. Let d(t) = -t**2 - 4*t - 2. Let m be d(c). Determine n(m).
-5
Let l(b) = 6*b**3. Let c be l(1). Let d(r) = -6 + 17*r + 22*r - 36*r. Give d(c).
12
Let n(y) be the second derivative of -5*y**4/12 + y**3/6 + y**2/2 + 13*y. Suppose -2*j = -6*j - 8. Let k = j - -1. Give n(k).
-5
Suppose -i = 4*i + 5. Let k(d) = d**2 + 1. Let v(w) = 16*w**3 - 2*w**2 + 2*w - 1. Let p(m) = 2*k(m) + v(m). Determine p(i).
-17
Let w(v) = -13*v - 5. Let h(k) = -15*k - 6. Let f(d) = -6*h(d) + 7*w(d). Give f(0).
1
Suppose 115 = 4*o + 5*g, 0*g + 3 = g. Suppose o = 2*c + 3*c. Suppose 0*q - c = -q. Let a(p) = p**3 - 4*p**2 - 7*p + 7. Give a(q).
-3
Let t(q) be the first derivative of q**6/120 + q**5/12 - q**4/24 - q**3/6 + q**2 + 1. Let a(b) be the second derivative of t(b). What is a(-5)?
4
Suppose h + 2*h = 12, 0 = 4*y - 5*h. Suppose -5*i - 5 = y. Let q(u) = 2*u**2 - u - u - 3*u**2. Determine q(i).
0
Let p(v) = v**3 - 2*v**2 + 2*v - 1. Let j be p(2). Let y(g) be the third derivative of 0 + g**2 + 1/24*g**4 + 0*g - 1/6*g**j. Determine y(4).
3
Let k(b) = -b**3 + b**2 - b. Suppose 0 = 3*a + u, 4 = 3*u + 13. Let p be 2/a - (10 - 8). Calculate k(p).
0
Suppose 3*s - 3*j - 33 = -0*j, -2*j = -5*s + 58. Suppose 0 = i - 3*i - s. Let w(a) = -a - 3. Give w(i).
3
Let y(d) = -d - 2. Suppose 0 = -t + 3*t + 16. Let s = 15 + t. Let r(m) = 4*m + 7. Let x(c) = s*y(c) + 2*r(c). Give x(-3).
-3
Suppose 3*x = 8*x - 30. Let u(g) = -g**2 + 5*g - 4. Calculate u(x).
-10
Let w(t) = -t**3 + 7*t**2 - 6*t + 6. Let k be w(6). Suppose 2*m = 4*y + 2, -k*y = -y + 2*m - 11. Let d(q) = -2*q**2 - 3 + 0 - 3*q - y + q**2 + q**3. Give d(3).
5
Let l(c) = c**3 + c**2 - 3*c - 3. Let m be (-3 + 2)/(0 + -1). Let q = -6 - -9. Let v = m - q. Give l(v).
-1
Let z(d) = -2*d**2 - 4*d**3 - 2*d**2 + d + 1 + 5*d**2. Suppose 5*o + 1 = -4. Calculate z(o).
5
Let v(b) = -5 + b**2 - 2*b**2 - 4 - b + 7. Calculate v(0).
-2
Let t be (-1)/4 + 18/8. Let k(j) = -1 + j + 2*j**2 - j**t + 2. Let h(o) = 5*o**3 + 3*o**2 + 4*o + 3. Let p(n) = h(n) - 3*k(n). Determine p(1).
6
Let a(v) be the third derivative of -1/120*v**6 + 4*v**2 + 0*v + 0 + 1/12*v**5 - 1/6*v**4 + 1/6*v**3. Determine a(4).
1
Let r(q) = -2*q - 7. Let k be r(-5). Suppose -k*x - 10 = -x. Let v(g) be the first derivative of g**2/2 + 3*g + 1. Determine v(x).
-2
Let h(k) be the first derivative of -k**6/120 - k**5/15 - k**4/12 - k**3/6 + 2*k**2 - 2. Let x(m) be the second derivative of h(m). What is x(-3)?
-4
Suppose 4*r - 5 - 8 = -d, -r - 2*d = -5. Let j(n) = 0 - 6*n + 3*n**2 + n + r - 2*n**2. Calculate j(2).
-3
Let m(u) be the second derivative of -u**3/6 + 2*u**2 + 13*u. Calculate m(5).
-1
Let y(j) = j**2 - 2*j + 1. Suppose -16 = -4*v + 3*k, 3*v - k + 6*k = -17. Let q be y(v). Let r(u) = u + 7. Determine r(q).
7
Let z = -81 - -48. Let c be z/(-22)*(-16)/6. Let t(a) = 2*a + 3. Calculate t(c).
-5
Let w(g) = 5*g**2 + 2*g - 8. Let k(v) = 14*v**2 + 5*v - 23. Let i(q) = 6*k(q) - 17*w(q). Calculate i(-5).
-7
Let q(x) = -x**3 - 3*x**2 - x + 1. Let h(n) = 4*n**3 - 2*n**3 + 4 + n**3 - 3 - 2*n + n**2. Let b be h(1). Let v be (0 + b - -3)/(-2). What is q(v)?
4
Let b = 37 + -31. Let x(q) = -q + 5. What is x(b)?
-1
Let p(h) = -h - 1. Suppose 0*v - 5*v = -15. Suppose 1 = v*q - 5. Let a be (-14 + 8)*q/(-4). What is p(a)?
-4
Let z(c) be the first derivative of c**2/2 + 10*c + 31. What is z(-8)?
2
Let c(b) = b**3 + b. Let d = -41 + 27. Let i = -28 - d. Let r be 4/14 - i/(-49). Determine c(r).
0
Suppose 3*d - 4 = 7*d. Let o(l) = 6*l + 1. Let b(x) = -x. Let v(t) = 6*t. Let h(z) = -11*b(z) - 2*v(z). Let m(q) = d*o(q) - 5*h(q). Give m(5).
-6
Let r(w) = 45*w**2 - 55*w - 55. Let a(z) = -5*z**2 + 6*z + 6. Let b(y) = -55*a(y) - 6*r(y). Determine b(1).
5
Let f(r) be the first derivative of -11*r**2/2 - 6*r - 3. Let d(i) = -7*i - 4. Let g(l) = -8*d(l) + 5*f(l). Calculate g(0).
2
Suppose 8*a - 6*a - r = -4, -9 = 3*a - 3*r. Let n be (1 - 1) + 1 + a. Suppose n = -b - 2 - 3. Let t(x) = -x**3 - 4*x**2 + 4*x - 4. What is t(b)?
1
Let x(v) = -v**3 - 2*v**2 + v + 2. Let g(l) = -l + 5. Let p be g(9). Let k be 1*((-6)/3 - p). Calculate x(k).
-12
Let v(x) = 3*x**2 - 6*x - 2. Let k(w) = w**2 - w - 1. Let q(f) = -4*k(f) + v(f). Let h = 0 - -1. Let l be -1 - h - (-3 - 1). Give q(l).
-6
Let q(s) = 1. Let x(g) be the third derivative of -1/24*g**4 + 0*g + 2*g**2 + 0 - 7/6*g**3. Let w(d) = 28*q(d) + 4*x(d). Calculate w(-1).
4
Let x(q) = -5*q**2 + 16*q - 1. Let u(j) = j**2 - 3*j. Let c(p) = -11*u(p) - 2*x(p). Suppose -t - 2*t = -12. Let a = -2 + t. Determine c(a).
0
Let j(f) = -f**2 - f + 3. Let s be j(-3). Let x(p) = -p**2 - 2*p. What is x(s)?
-3
Let s(h) be the third derivative of h**4/6 + 5*h**3/6 - 11*h**2. What is s(-5)?
-15
Let s(f) = 2*f**2 + f - 1. Suppose 1 = -4*m + 5. What is s(m)?
2
Let y(u) = 3*u + 2. Suppose 4*q = -2*t - 2, q + 2 = -1. Determine y(t).
17
Let k(g) = 5*g**3 - 19*g**2 + g + 17. Let u(q) = 3*q**3 - 10*q**2 + q + 9. Suppose -2*x = -4*t - 28, -2*t - t + 1 = 4*x. Let p(o) = x*k(o) - 7*u(o). Give p(-5).
-5
Let v be (0 - 0)/(1 + -3). Let p be v - 3 - (-10)/2. Let y(q) = 2*q**2 + 3*q + 4. Let u(t) = 6*t**2 + 8*t + 11. Let c(m) = 4*u(m) - 11*y(m). Calculate c(p).
6
Let w(r) = -r**2 - 3*r + 3. Let y(p) = p + 1. Let o(n) = w(n) - 2*y(n). Give o(-5).
1
Let v(x) = 3*x + 7. Suppose 19 = 3*j + 34. Calculate v(j).
-8
Suppose 4 + 6 = 5*l. Let p be 2/(-4) + 1/l. Let a(h) = -3*h + p + 2*h + 1. What is a(-2)?
3
Let i = 7 + -12. Let l(g) = -7*g - 5. Let p(n) = -6*n - 4. Let w(o) = i*l(o) + 6*p(o). Let a = 3 - 2. Determine w(a).
0
Let j(s) = 2*s - 45*s**2 + 43*s**2